s of 495.
3, 5, 11
What are the prime factors of 29984?
2, 937
List the prime factors of 6205.
5, 17, 73
List the prime factors of 17699.
11, 1609
What are the prime factors of 1836?
2, 3, 17
List the prime factors of 25579.
25579
List the prime factors of 13897.
13, 1069
List the prime factors of 16006.
2, 53, 151
List the prime factors of 2856.
2, 3, 7, 17
List the prime factors of 686.
2, 7
List the prime factors of 1733.
1733
List the prime factors of 11658.
2, 3, 29, 67
List the prime factors of 4319.
7, 617
List the prime factors of 34944.
2, 3, 7, 13
What are the prime factors of 8375?
5, 67
List the prime factors of 4790.
2, 5, 479
List the prime factors of 348.
2, 3, 29
List the prime factors of 5968.
2, 373
What are the prime factors of 11582?
2, 5791
List the prime factors of 207.
3, 23
What are the prime factors of 2769?
3, 13, 71
List the prime factors of 51653.
7, 47, 157
List the prime factors of 27002.
2, 23, 587
List the prime factors of 6995.
5, 1399
What are the prime factors of 109321?
109321
What are the prime factors of 44134?
2, 22067
What are the prime factors of 120?
2, 3, 5
What are the prime factors of 21712?
2, 23, 59
What are the prime factors of 646?
2, 17, 19
What are the prime factors of 6276?
2, 3, 523
What are the prime factors of 2189?
11, 199
What are the prime factors of 1173?
3, 17, 23
What are the prime factors of 360?
2, 3, 5
What are the prime factors of 107566?
2, 53783
What are the prime factors of 3716?
2, 929
What are the prime factors of 137884?
2, 34471
List the prime factors of 11308.
2, 11, 257
List the prime factors of 385.
5, 7, 11
What are the prime factors of 13912?
2, 37, 47
What are the prime factors of 15177?
3, 5059
List the prime factors of 12298.
2, 11, 13, 43
List the prime factors of 434.
2, 7, 31
List the prime factors of 1298.
2, 11, 59
What are the prime factors of 1918?
2, 7, 137
List the prime factors of 25646.
2, 12823
What are the prime factors of 3?
3
List the prime factors of 2495.
5, 499
What are the prime factors of 19157?
19157
What are the prime factors of 103514?
2, 73, 709
List the prime factors of 541.
541
What are the prime factors of 2243?
2243
What are the prime factors of 102?
2, 3, 17
What are the prime factors of 701?
701
What are the prime factors of 75504?
2, 3, 11, 13
What are the prime factors of 4317?
3, 1439
What are the prime factors of 3625?
5, 29
What are the prime factors of 35?
5, 7
List the prime factors of 3815.
5, 7, 109
List the prime factors of 1334.
2, 23, 29
List the prime factors of 224.
2, 7
List the prime factors of 9190.
2, 5, 919
What are the prime factors of 7499?
7499
List the prime factors of 1307.
1307
List the prime factors of 18136.
2, 2267
List the prime factors of 34299.
3, 37, 103
What are the prime factors of 49?
7
List the prime factors of 4634.
2, 7, 331
List the prime factors of 61484.
2, 19, 809
List the prime factors of 10720.
2, 5, 67
List the prime factors of 5361.
3, 1787
What are the prime factors of 2187?
3
List the prime factors of 9593.
53, 181
What are the prime factors of 52721?
52721
What are the prime factors of 143111?
143111
List the prime factors of 20767.
19, 1093
List the prime factors of 888.
2, 3, 37
List the prime factors of 171260.
2, 5, 8563
List the prime factors of 5938.
2, 2969
List the prime factors of 3876.
2, 3, 17, 19
List the prime factors of 5446.
2, 7, 389
What are the prime factors of 1434?
2, 3, 239
List the prime factors of 5544.
2, 3, 7, 11
What are the prime factors of 4181?
37, 113
What are the prime factors of 3479?
7, 71
What are the prime factors of 44585?
5, 37, 241
List the prime factors of 1655.
5, 331
What are the prime factors of 341?
11, 31
List the prime factors of 8057.
7, 1151
List the prime factors of 753.
3, 251
List the prime factors of 3563.
7, 509
List the prime factors of 241.
241
List the prime factors of 16242.
2, 3, 2707
What are the prime factors of 2205?
3, 5, 7
List the prime factors of 2563.
11, 233
What are the prime factors of 12388?
2, 19, 163
What are the prime factors of 15227?
15227
What are the prime factors of 1466?
2, 733
What are the prime factors of 902?
2, 11, 41
What are the prime factors of 644?
2, 7, 23
What are the prime factors of 4854?
2, 3, 809
What are the prime factors of 40570?
2, 5, 4057
What are the prime factors of 14959?
7, 2137
What are the prime factors of 16612?
2, 4153
What are the prime factors of 151?
151
What are the prime factors of 360?
2, 3, 5
List the prime factors of 2841.
3, 947
What are the prime factors of 3464?
2, 433
List the prime factors of 1359.
3, 151
List the prime factors of 627.
3, 11, 19
List the prime factors of 2240.
2, 5, 7
What are the prime factors of 957?
3, 11, 29
List the prime factors of 802.
2, 401
What are the prime factors of 4313?
19, 227
What are the prime factors of 1903?
11, 173
What are the prime factors of 5829?
3, 29, 67
List the prime factors of 12283.
71, 173
List the prime factors of 7014.
2, 3, 7, 167
List the prime factors of 30483.
3, 1129
List the prime factors of 12460.
2, 5, 7, 89
List the prime factors of 44203.
44203
List the prime factors of 3749.
23, 163
List the prime factors of 55851.
3, 18617
List the prime factors of 1199.
11, 109
What are the prime factors of 7617?
3, 2539
What are the prime factors of 2981?
11, 271
List the prime factors of 1313.
13, 101
List the prime factors of 39937.
39937
What are the prime factors of 2008?
2, 251
List the prime factors of 11375.
5, 7, 13
List the prime factors of 16237.
13, 1249
What are the prime factors of 9344?
2, 73
What are the prime factors of 18953?
11, 1723
List the prime factors of 18139.
11, 17, 97
What are the prime factors of 2833?
2833
What are the prime factors of 12844?
2, 13, 19
What are the prime factors of 7195?
5, 1439
List the prime factors of 88.
2, 11
List the prime factors of 38670.
2, 3, 5, 1289
List the prime factors of 6015.
3, 5, 401
What are the prime factors of 11840?
2, 5, 37
What are the prime factors of 2592?
2, 3
What are the prime factors of 42347?
17, 47, 53
What are the prime factors of 1412?
2, 353
What are the prime factors of 865?
5, 173
What are the prime factors of 6730?
2, 5, 673
What are the prime factors of 1255?
5, 251
What are the prime factors of 7764?
2, 3, 647
List the prime factors of 38521.
7, 5503
List the prime factors of 84.
2, 3, 7
List the prime factors of 34195.
5, 7, 977
List the prime factors of 12525.
3, 5, 167
List the prime factors of 7531.
17, 443
List the prime factors of 15372.
2, 3, 7, 61
What are the prime factors of 61515?
3, 5, 1367
What are the prime factors of 3640?
2, 5, 7, 13
What are the prime factors of 88897?
88897
List the prime factors of 10158.
2, 3, 1693
List the prime factors of 791.
7, 113
List the prime factors of 7368.
2, 3, 307
List the prime factors of 600.
2, 3, 5
List the prime factors of 13.
13
List the prime factors of 178.
2, 89
What are the prime factors of 26502?
2, 3, 7, 631
What are the prime factors of 1287?
3, 11, 13
What are the prime factors of 33333?
3, 41, 271
List the prime factors of 16912.
2, 7, 151
List the prime factors of 3309.
3, 1103
List the prime factors of 1430.
2, 5, 11, 13
List the prime factors of 16543.
71, 233
List the prime factors of 67176.
2, 3, 311
List the prime factors of 1635.
3, 5, 109
What are the prime factors of 26905?
5, 5381
List the prime factors of 3729.
3, 11, 113
List the prime factors of 49345.
5, 71, 139
What are the prime factors of 1309?
7, 11, 17
What are the prime factors of 1016?
2, 127
List the prime factors of 542.
2, 271
What are the prime factors of 4569?
3, 1523
List the prime factors of 33839.
13, 19, 137
List the prime factors of 4326.
2, 3, 7, 103
What are the prime factors of 4485?
3, 5, 13, 23
What are the prime factors of 2296?
2, 7, 41
What are the prime factors of 11102?
2, 7, 13, 61
List the prime factors of 20643.
3, 7, 983
List the prime factors of 3720.
2, 3, 5, 31
List the prime factors of 76.
2, 19
List the prime factors of 3845.
5, 769
What are the prime factors of 702?
2, 3, 13
What are the prime factors of 1081?
23, 47
What are the prime factors of 45553?
45553
List the prime factors of 6393.
3, 2131
List the prime factors of 287.
7, 41
List the prime factors of 70434.
2, 3